 Let y(x) = -x**2 - 8*x + 6. Give y(i).
-3
Let g(p) = -6*p + 1. Let c(h) = -8*h + 1. Let b(j) = -5*c(j) + 7*g(j). Give b(-3).
8
Let v(r) be the first derivative of 2*r**3/3 + r - 4. Give v(1).
3
Let j(h) be the first derivative of -5*h + 1/2*h**2 - 4. Let x be j(0). Let p(u) = u**3 + 5*u**2 + 3*u + 7. Determine p(x).
-8
Let l be (-6)/6 - (-1 - 3). Let m(p) = -p - 4. Calculate m(l).
-7
Suppose -4*u - 3*v = -31, 5*v - 37 = -2*u - 4. Suppose 0*n + 3*w = -n + 9, 2*n - u*w = -22. Let h(l) = -l**3 - 2*l**2 + l + 4. Give h(n).
10
Let w(n) = 26*n + 6. Let f(x) = 2 - 4*x + 0 - 3 - x. Let d(r) = 11*f(r) + 2*w(r). Give d(-3).
10
Suppose -4*z - 4 = -12. Suppose -5*d + 3*m + 45 = 0, 2*d = -2*m - z*m - 8. Suppose y + 0*y = -d. Let c(o) = 2*o + 8. Determine c(y).
-4
Let r(n) = n. Let o(z) = -3*z + 3*z**3 - z - 2*z**3 - 3*z**2 + 7*z**2 + 7. Let v be o(-5). Determine r(v).
2
Let m(f) = -f**3 + 6*f**2 - f + 5. Let o be m(6). Suppose 2*b = 3*b + 5*u - 18, -2*u = 5*b - 21. Let v(i) = -2*i**2 + 10 - 5*i**b - 9 + 0*i**2. Determine v(o).
4
Let s(v) = 2*v + 4*v + 6*v**2 - 5*v. Let u be -2*(4 - (-21)/(-6)). Determine s(u).
5
Let h(d) be the first derivative of -d**2 - 2*d + 18. Give h(-4).
6
Let x be 2/(-1)*-1 - 3. Let o be (2 + 5/(-3))*6. Let f(c) = -1 + 2 - o + 9*c. Give f(x).
-10
Let t(h) = 20*h - 4*h - 3 - 7*h - 8*h. Let m = -6 + 9. What is t(m)?
0
Let o(j) = -j**2 + j - 1. Suppose k - 5*s - 38 = 0, 5*k + 2*s - 16 = 39. Suppose -5*t + 28 = b, 4*b + 5*t = k + 24. Let d = b - 2. Calculate o(d).
-1
Suppose 2*f - 3*c + 37 = 7*f, -17 = -f - 3*c. Let z(q) be the third derivative of 0*q - 1/120*q**6 - 2/3*q**3 + 0 + 6*q**2 + 1/15*q**5 + 5/24*q**4. Give z(f).
-4
Let n(a) = -72*a - 4 + 72*a - a**2. Give n(0).
-4
Let t(s) = 2*s**2 + 3 - 3 + 1 - s**3. Suppose -m - 2*k = 2*k - 3, 12 = 4*m + 2*k. Suppose m = -2*w + 9. Give t(w).
-8
Let x = -1 - -4. Let f(l) be the first derivative of 8*l**3/3 - 5*l**2/2 - 9*l - 2. Let k(d) = -3*d**2 + 2*d + 3. Let t(i) = 4*f(i) + 11*k(i). What is t(x)?
-6
Let b = 7 - 4. Let a(j) = -j**2 + j + 1. What is a(b)?
-5
Let p(c) = c**3 + 8*c**2 + 2. Let g be p(-8). Suppose -3*o = -g*h + 5 - 2, 5*o = 3*h - 4. Let d(r) = -1 + 0*r + 2*r - 4*r. Calculate d(o).
-3
Let s(v) be the second derivative of 4*v + 0 - 3/2*v**2 - 1/12*v**4 - 1/2*v**3. Give s(-3).
-3
Suppose -9 = -0*q - 3*q. Let m(s) = s**2 - 3*s + 3. Give m(q).
3
Let c(q) = q**2 + 4*q + 1. Suppose -8*d = 5*d + 39. Determine c(d).
-2
Let i(w) = 2*w**3 + 3*w**2 + w. Let k be i(-2). Let c(h) = h + 8. Give c(k).
2
Suppose -3*o + 3 + 0 = 0. Suppose -4 + 3 = -2*r + 3*q, -o = 4*r - 5*q. Let d(z) = z**2 + z - 4. What is d(r)?
8
Let s(j) be the second derivative of -j**4/12 + j**3/2 - 3*j**2/2 - 13*j. What is s(3)?
-3
Let s(d) = 5*d**2 + 3*d + 3. Suppose 0 = 4*o - 12 - 20. Let r(b) = -2*b**2 - b - 1. Let m(p) = o*r(p) + 3*s(p). What is m(3)?
-5
Let k(r) = 5*r**2 + 10. Suppose 0 = 5*b - 6 + 1. Let h(d) = -d**2 + d - 1. Let t(p) = b*k(p) + 4*h(p). Calculate t(-4).
6
Let v(n) = n**3 - 5*n**2 + 2*n + 4. Let t be v(4). Let g be (t/3 - -2)*3. Let a(f) = f**2 - 3*f. Calculate a(g).
-2
Let x(s) be the first derivative of s**3/3 - 5*s**2/2 - 2*s - 26. Determine x(4).
-6
Suppose 5*y + y = -24. Let g(f) = 2*f + 5. Determine g(y).
-3
Let c be ((-54)/4)/(-9)*2. Let m(w) = w**3 - 4*w**2 + 3. What is m(c)?
-6
Let s = 40 - 34. Let k(v) = v**3 - 6*v**2 + 2*v - 7. Give k(s).
5
Let v(w) = -2*w**2 - 1. Let d = -193 - -192. Calculate v(d).
-3
Let t(y) = -18*y + 14*y - 1 + 0*y**2 - y**2 + 0. Suppose 5*z = 3*q - 25, 2*q = -2*q - z - 5. Suppose 3*u + 5*g + 5 = q, u + g + 0 + 3 = 0. Give t(u).
-6
Let d be 7/2*(-96)/(-112). Let z(r) = r**3 - 3*r**2 + 1. What is z(d)?
1
Let m = -171 - -177. Let g(i) = -i - 2. Calculate g(m).
-8
Suppose p + 2 = -1. Let y = 8 + -6. Let j(r) = r + 7 - 3 + y*r - 2*r. What is j(p)?
1
Suppose -2*v + b - 22 + 7 = 0, 4*b = -4*v - 24. Let n = v + 7. Let t(w) = w**2 + 14. Determine t(n).
14
Let q(u) = 2*u**2 + 7*u + 4. Suppose 3*d - 7 = -4*x - 8, 2*d - 10 = 0. What is q(x)?
8
Let j(i) = i + 8. Let t be j(-8). Suppose -6*s + 3*s + 9 = t. Let v(k) = -3*k + 4. Give v(s).
-5
Let z be 0 - (0 + 2) - -1. Let b(d) be the first derivative of d**5/12 - 5*d**2/2 - 5. Let x(w) be the second derivative of b(w). Give x(z).
5
Let p(j) = -6*j**2 + 14 - 18 + 7*j**2 + j. Give p(-4).
8
Let a(i) = i - 1. Let k be a(3). Let u(l) = -4*l + 2*l + k*l - l - 1. Calculate u(-2).
1
Let w(q) = -8*q. Let c be (-3 - -2)/((-9)/18). What is w(c)?
-16
Let m(k) be the third derivative of k**6/24 - k**5/30 - k**4/12 - k**3/6 - k**2. Let d be (3 - 2) + -5 - -3. Give m(d).
-6
Let q(b) = 12*b + 0 - 3*b**2 + 6 + 4*b**2. What is q(-8)?
-26
Suppose -4*o + 5*t = -57, -5*o + t + 65 = -4*t. Let d = -11 + o. Let n(g) = -2*g + 4. Calculate n(d).
10
Let d(l) = -l**2 - 2. Suppose 0*j = j. Determine d(j).
-2
Let x(z) = -4*z**2 - 6*z + 7. Let v(l) = -4*l**2 - 5*l + 6. Let c(w) = 7*v(w) - 6*x(w). What is c(2)?
-14
Let k(n) be the first derivative of -1/3*n**3 - 2*n + 2*n**2 + 1. Determine k(3).
1
Let t(b) = -b**3 + 4*b**2 + 2*b + 7. Suppose 0*p - p - 13 = 0. Let v = -8 - p. Calculate t(v).
-8
Let q(f) = 10 - 1 + 3 - f. Calculate q(5).
7
Let y be (1 - (-2)/(-5))*5. Let t(l) be the third derivative of l**5/60 - l**4/24 + 17*l**2. What is t(y)?
6
Let q(l) = -5*l**2 - 10*l - 8. Let n(h) = -h**2 - h - 1. Let t(w) = 6*n(w) - q(w). Let f = 28 + 4. Suppose 3*m + 8 = 3*k - 16, 3*m + f = 5*k. Give t(k).
2
Suppose 2*p + 14 = 20. Let n(w) = 2 + 4 - 4*w**2 + p*w**2 + w. Give n(0).
6
Let b be 2*(-5)/2*2. Let n(z) = -z**3 - 11*z**2 - 11*z - 12. Let t be n(b). Let r(j) = -3*j**2 - 4*j - 2. Determine r(t).
-6
Let i = -57 - -91. Let c(m) = m - 2*m + i - m**2 + 0*m - 22. Calculate c(0).
12
Let v(f) = 22*f**2 - 25. Let z(u) = -5*u**2 + 6. Let c(s) = -2*v(s) - 9*z(s). Give c(4).
12
Suppose 0 = -5*t + 21 - 11. Let i(l) = -l + 2. Determine i(t).
0
Let x(j) be the third derivative of j**5/30 - j**4/4 + j**3 + 33*j**2. Determine x(4).
14
Let f(x) = -x**2 + 0*x + 5*x - 4*x + 0*x**2 + 7. Determine f(0).
7
Let r(m) = -m**2 - 2*m. Let k(p) = -p + 9. Let x be k(6). Suppose -c = x*c - 20. Suppose -5*u - c = 5. What is r(u)?
0
Let g(m) = m**2 + 8*m + 1. Let t be g(-8). Let f(r) = t + 4*r - 2*r - 3. What is f(4)?
6
Let a(r) = -r + 6. Let y = -32 + 54. Suppose -7 = 5*i - y. Give a(i).
3
Let g = 5 + -3. Let o(k) = -3*k**2 - 5 + 2*k**g + 4 + k + 2*k**2. What is o(0)?
-1
Let r(i) = -3*i - 2. Let j(q) = q + 9. Let n be j(-7). Calculate r(n).
-8
Let r(n) = n**3 - 2*n**2 - 2*n + 2. Suppose 47 = -4*d - 5*b, -4 - 1 = -5*b. Let t = -7 - d. Suppose 2*v + 0 = t. Calculate r(v).
5
Let z(f) be the first derivative of 3*f + f**3 + 5/2*f**2 - 1/4*f**4 + 4. Let p be -3 - -2 - (0 - 5). Give z(p).
7
Let u(g) = 4*g**2 + 11*g + 7. Let y(j) = -7*j**2 - 21*j - 15. Let p(d) = -5*u(d) - 3*y(d). Determine p(-7).
3
Let u(a) = -a**2 + 9*a - 3. Suppose -56 = -4*d + 4*v, 2*d + v - 40 = -3*d. Let z be u(d). Let h(t) = t. Determine h(z).
-3
Let y(u) = -u**3 + 6*u**2 - 4*u - 1. Let r(n) = -2*n - 2. Let c be r(-3). Let g = -2 + c. Suppose -2*p - 2 = -g*a - 4, p - 4*a + 11 = 0. Determine y(p).
4
Let l(t) = -t + 8. Let z = 17 - 11. Calculate l(z).
2
Let w = 8 - 5. Let c(u) be the second derivative of 2*u**2 + u - 1/6*u**3 + 0. What is c(w)?
1
Let p(b) = -9 + 5*b - 3*b**2 + 0*b**3 + 3 - 1 - b**3. Give p(-5).
18
Suppose -3*m - 2*m - 4*o - 20 = 0, 3*o = -4*m - 16. Let s(k) = -k**3 - 2*k**2 + 5*k - 1. What is s(m)?
11
Let l(y) = y - 147 + 78 + 78. Determine l(0).
9
Suppose -3*j = -0*j. Let s(o) = 3*o**2 - 5*o + 12 - 2*o**2 - 2. Let t(k) = -k**2 + 6*k - 10. Let v(b) = 6*s(b) + 5*t(b). Give v(j).
10
Let v(b) = 2*b**2 + 9*b + 7. Let w(t) = -t**2 - 5*t - 4. Let y(r) = 3*v(r) + 5*w(r). Determine y(-2).
1
Let v(n) = 3*n + 5. Let t(p) = -2*p - 5. Let u be 6/18 + 20/(-6). Let w(h) = u*v(h) - 4*t(h). Calculate w(3).
2
Let c(z) = 7*z - 13*z + 1 + 5*z. Give c(0).
1
Let j(n) be the first derivative of -n**3/3 - n**2 - 2*n - 2. Determine j(-2).
-2
Let j(r) = 4 - 5*r**2 - 4*r + r - 3204*r**3 + 3203*r**3 + r. What is j(-4)?
-4
Let z(n) = 3*n - 2. Let u(w) = 1. Let x(q) = 6*u(q) + z(q). Let s = 116 - 119. Give x(s).
-5
Let i(c) = -126*c**2 - c + 1 - 2 + 92*c**2. Determine i(-1).
-34
Let g(u) be the first derivative of -u**3/3 + u**2/2 + 3*u - 